umber?
True
Is 5216303 composite?
False
Is 10943909 a composite number?
False
Is 29214061 a prime number?
True
Is 83256491 a prime number?
False
Is 70816903 a composite number?
False
Is 31861567 a prime number?
True
Is 181464701 composite?
True
Is 29472137 a prime number?
True
Is 186453797 a composite number?
False
Is 720743 a prime number?
True
Is 4689715 a prime number?
False
Is 163287671 prime?
False
Is 2276909 composite?
False
Is 31691249 prime?
True
Is 365024347 composite?
False
Is 1961381 a composite number?
False
Is 6504847 a prime number?
False
Is 3221167 a composite number?
False
Is 22740994 a composite number?
True
Is 659992441 a prime number?
True
Is 1490827 a composite number?
True
Is 807073 a composite number?
True
Is 77129237 prime?
True
Is 1720489 prime?
False
Is 22909609 a prime number?
False
Is 119333033 a composite number?
False
Is 912929 a composite number?
False
Is 12679081 a composite number?
False
Is 5681333 prime?
False
Is 95373221 a prime number?
True
Is 2128523 a composite number?
True
Is 21790271 composite?
True
Is 524881939 a prime number?
True
Is 267940979 a composite number?
True
Is 466546029 composite?
True
Is 2501761 composite?
False
Is 35835433 a prime number?
True
Is 14335661 a prime number?
True
Is 72337 a composite number?
False
Is 768417007 prime?
True
Is 6897119 a composite number?
False
Is 11151817 a composite number?
False
Is 69016913 prime?
False
Is 6367973 a prime number?
False
Is 124638887 a composite number?
True
Is 28027157 prime?
True
Is 22731745 a composite number?
True
Is 17179105 prime?
False
Is 5951107 prime?
True
Is 1119878 prime?
False
Is 161961673 a composite number?
False
Is 494299063 a prime number?
True
Is 43400551 composite?
False
Is 91013 prime?
False
Is 526177 composite?
True
Is 1322837 composite?
True
Is 907 prime?
True
Is 1044401 prime?
False
Is 19924678 composite?
True
Is 27900011 a prime number?
True
Is 129955541 a composite number?
False
Is 124591177 a composite number?
False
Is 14645861 a composite number?
True
Is 373775837 prime?
True
Is 488902627 prime?
False
Is 1684985 prime?
False
Is 30260459 a prime number?
False
Is 328070833 a prime number?
False
Is 40952953 a prime number?
False
Is 86964061 composite?
True
Is 12278801 a composite number?
False
Is 33709603 a prime number?
False
Is 42676531 a prime number?
False
Is 643859 prime?
True
Is 47950789 a composite number?
True
Is 9752467 prime?
True
Is 589807 a composite number?
False
Is 132930761 composite?
False
Is 50704931 a composite number?
True
Is 9261998 composite?
True
Is 24046037 a prime number?
True
Is 16048051 a composite number?
True
Is 15468403 a prime number?
True
Is 40559759 composite?
False
Is 91547 a prime number?
False
Is 844013 a composite number?
False
Is 2243249 a composite number?
True
Is 2371043 a prime number?
False
Is 112352129 prime?
True
Is 24432197 a composite number?
False
Is 76908487 a composite number?
True
Is 6857741 composite?
True
Is 6404873 a prime number?
True
Is 1010129 prime?
True
Is 5556731 a composite number?
True
Is 45618707 a composite number?
True
Is 1840801 a prime number?
False
Is 48010367 composite?
False
Is 1330379 prime?
False
Is 62198363 composite?
True
Is 3258487 a composite number?
False
Is 4614961 prime?
False
Is 69221 a composite number?
False
Is 8427041 a composite number?
True
Is 11994769 a prime number?
False
Is 9537197 a prime number?
True
Is 41432887 composite?
True
Is 430100557 a prime number?
True
Is 1980253 prime?
False
Is 13223003 prime?
True
Is 37332421 prime?
False
Is 16461737 composite?
False
Is 128257 a prime number?
True
Is 11125033 composite?
True
Is 7160882 prime?
False
Is 50786033 a prime number?
True
Is 116241397 a composite number?
False
Is 35033449 a composite number?
True
Is 2314309 composite?
False
Is 599195671 a composite number?
False
Is 13051067 prime?
False
Is 38443201 composite?
False
Is 2019994 a prime number?
False
Is 10332221 a prime number?
False
Is 27157497 prime?
False
Is 91015381 composite?
False
Is 1306976039 a prime number?
False
Is 41291071 composite?
False
Is 85801279 a prime number?
True
Is 1336611 a prime number?
False
Is 2135351 prime?
False
Is 81749 a composite number?
False
Is 6637019 a prime number?
False
Is 19418177 a prime number?
False
Is 2955759 a prime number?
False
Is 11731397 composite?
True
Is 25007063 a composite number?
False
Is 12968329 a prime number?
False
Is 73211 composite?
True
Is 5393573 composite?
True
Is 11249203 a prime number?
False
Is 6660599 a prime number?
False
Is 94254829 a prime number?
False
Is 23025971 composite?
True
Is 106569293 a composite number?
False
Is 16773379 composite?
True
Is 1552417 composite?
False
Is 112793509 prime?
True
Is 2356231 prime?
False
Is 19556963 a prime number?
True
Is 181409001 composite?
True
Is 4652773 prime?
False
Is 101096783 a composite number?
False
Is 1202293 composite?
False
Is 4144631 composite?
False
Is 12963691 a prime number?
False
Is 2909737 a prime number?
False
Is 348810019 a composite number?
True
Is 5592205 a composite number?
True
Is 658590871 prime?
True
Is 61139 prime?
False
Is 22452779 a prime number?
True
Is 21646459 a composite number?
False
Is 2169617 composite?
False
Is 16697427 a composite number?
True
Is 4223807 prime?
False
Is 834903291 a prime number?
False
Is 56378302 a composite number?
True
Is 65960735 a composite number?
True
Is 8040698 composite?
True
Is 44537 a prime number?
True
Is 553507 composite?
False
Is 84327335 a composite number?
True
Is 19946573 composite?
True
Is 161109959 composite?
True
Is 2371609 a prime number?
True
Is 18171721 prime?
True
Is 104077283 a composite number?
True
Is 9172481 composite?
False
Is 113677673 composite?
True
Is 4705847 a composite number?
True
Is 52141 prime?
False
Is 47529829 a prime number?
True
Is 1082405 prime?
False
Is 34650673 prime?
False
Is 252119 a prime number?
False
Is 54188291 prime?
True
Is 568474369 a prime number?
False
Is 392554 a prime number?
False
Is 1650751 prime?
False
Is 473761297 a composite number?
False
Is 38435615 a composite number?
True
Is 29542067 a prime number?
False
Is 3412049 a prime number?
True
Is 1014191 a prime number?
False
Is 53009797 prime?
False
Is 279390343 prime?
True
Is 4635017 composite?
False
Is 184724597 composite?
False
Is 1085959 a composite number?
True
Is 970153 composite?
True
Is 3348049 composite?
True
Is 9275731 a prime number?
True
Is 35596673 prime?
False
Is 7305247 composite?
True
Is 54024983 a composite number?
True
Is 26025403 prime?
True
Is 7635101 a prime number?
True
Is 1613713 composite?
False
Is 24928327 a composite number?
False
Is 35817685 a prime number?
False
Is 43899721 a composite number?
True
Is 3733607 composite?
False
Is 117420197 a prime number?
True
Is 7012409 a composite number?
False
Is 55568101 composite?
False
Is 827417 prime?
True
Is 37763081 composite?
False
Is 2582581 composite?
False
Is 425099 a prime number?
False
Is 9537467 a prime number?
True
Is 2463467 prime?
True
Is 2059613 prime?
True
Is 28762117 a prime number?
False
Is 18253861 a composite number?
False
Is 7351523 prime?
True
Is 196859753 a composite number?
False
Is 7393217 prime?
False
Is 18181817 composite?
False
Is 677423 composite?
False
Is 155301863 a composite number?
False
Is 153597449 composite?
False
Is 6810031 a composite number?
True
Is 10111247 a prime number?
True
Is 24897131 a prime number?
False
Is 10874419 composite?
True
Is 8689481 a composite number?
False
Is 19225897 a composite number?
False
Is 36627295 prime?
False
Is 16239983 prime?
True
Is 866423 prime?
False
Is 41518138 composite?
True
Is 7337653 a prime number?
False
Is 1259383 a prime number?
False
Is 6694937 prime?
True
Is 1471649 composite?
False
Is 4446449 a composite number?
True
Is 225624059 a prime number?
True
Is 4985223 prime?
False
Is 2156939 composite?
False
Is 2130357791 a composite number?
False
Is 252451 a composite number?
True
Is 2811338 prime?
False
Is 207349 composite?
True
Is 2997067 a prime number?
True
Is 5881969 a composite number?
False
Is 2865829 prime?
False
Is 40082167 composite?
False
Is 300217 composite?
True
Is 399382705 a prime number?
False
Is 4884599 composite?
True
Is 46533419 a prime number?
True
Is 441425473 composite?
False
Is 151293451 a composite numbe